{"id":4695,"date":"2020-09-10T10:05:55","date_gmt":"2020-09-10T08:05:55","guid":{"rendered":"https:\/\/ads2.inside-maquette.be\/?page_id=4695"},"modified":"2020-11-13T16:01:59","modified_gmt":"2020-11-13T15:01:59","slug":"video-surveillance","status":"publish","type":"page","link":"https:\/\/ads2.inside-maquette.be\/?page_id=4695","title":{"rendered":"Vid\u00e9o surveillance"},"content":{"rendered":"\t\t<div data-elementor-type=\"wp-page\" data-elementor-id=\"4695\" class=\"elementor elementor-4695\" data-elementor-settings=\"[]\">\n\t\t\t\t\t\t<div class=\"elementor-inner\">\n\t\t\t\t\t\t\t<div class=\"elementor-section-wrap\">\n\t\t\t\t\t\t\t<section class=\"elementor-section elementor-top-section elementor-element elementor-element-39e205a1 elementor-section-content-middle elementor-section-boxed elementor-section-height-default elementor-section-height-default\" data-id=\"39e205a1\" data-element_type=\"section\">\n\t\t\t\t\t\t<div class=\"elementor-container elementor-column-gap-extended\">\n\t\t\t\t\t\t\t<div class=\"elementor-row\">\n\t\t\t\t\t<div class=\"elementor-column elementor-col-50 elementor-top-column elementor-element elementor-element-292dddf1 ot-flex-column-vertical\" data-id=\"292dddf1\" data-element_type=\"column\">\n\t\t\t<div class=\"elementor-column-wrap elementor-element-populated\">\n\t\t\t\t\t\t\t<div class=\"elementor-widget-wrap\">\n\t\t\t\t\t\t<div class=\"elementor-element elementor-element-70cbf4f9 elementor-widget elementor-widget-image\" data-id=\"70cbf4f9\" data-element_type=\"widget\" data-widget_type=\"image.default\">\n\t\t\t\t<div class=\"elementor-widget-container\">\n\t\t\t\t\t<div class=\"elementor-image\">\n\t\t\t\t\t\t\t\t\t\t<img width=\"623\" height=\"570\" src=\"https:\/\/ads2.inside-maquette.be\/wp-content\/uploads\/2020\/11\/illustration_videosurveillance.png\" class=\"attachment-full size-full\" alt=\"\" loading=\"lazy\" srcset=\"https:\/\/ads2.inside-maquette.be\/wp-content\/uploads\/2020\/11\/illustration_videosurveillance.png 623w, https:\/\/ads2.inside-maquette.be\/wp-content\/uploads\/2020\/11\/illustration_videosurveillance-300x274.png 300w\" sizes=\"(max-width: 623px) 100vw, 623px\" \/>\t\t\t\t\t\t\t\t\t\t\t<\/div>\n\t\t\t\t<\/div>\n\t\t\t\t<\/div>\n\t\t\t\t\t\t<\/div>\n\t\t\t\t\t<\/div>\n\t\t<\/div>\n\t\t\t\t<div class=\"elementor-column elementor-col-50 elementor-top-column elementor-element elementor-element-61882a3c ot-flex-column-vertical\" data-id=\"61882a3c\" data-element_type=\"column\">\n\t\t\t<div class=\"elementor-column-wrap elementor-element-populated\">\n\t\t\t\t\t\t\t<div class=\"elementor-widget-wrap\">\n\t\t\t\t\t\t<div class=\"elementor-element elementor-element-6eb33aa4 elementor-widget elementor-widget-iheading\" data-id=\"6eb33aa4\" data-element_type=\"widget\" data-widget_type=\"iheading.default\">\n\t\t\t\t<div class=\"elementor-widget-container\">\n\t\t\t\t\t<div class=\"ot-heading is-dots\">\r\n\t        \t            <span>[ Vid\u00e9o surveillance ]<\/span>\r\n\t        \t        <h2 class=\"main-heading\">Un syst\u00e8me de vid\u00e9o-surveillance pour vos biens priv\u00e9s ou professionnels<\/h2>\r\n\t        \t    <\/div>\r\n\t    \t\t<\/div>\n\t\t\t\t<\/div>\n\t\t\t\t<div class=\"elementor-element elementor-element-3d0cc4d4 elementor-widget elementor-widget-text-editor\" data-id=\"3d0cc4d4\" data-element_type=\"widget\" data-widget_type=\"text-editor.default\">\n\t\t\t\t<div class=\"elementor-widget-container\">\n\t\t\t\t\t<div class=\"elementor-text-editor elementor-clearfix\"><p><strong>Gardez un \u0153il sur ce qui vous est cher gr\u00e2ce \u00e0 une vid\u00e9o-surveillance\u00a0install\u00e9e avec savoir-faire chez vous\u00a0!<\/strong><\/p><p>Nos techniciens qualifi\u00e9s et discrets mettent en place les cam\u00e9ras, enregistreurs, moniteurs, vid\u00e9ophonie, etc. n\u00e9cessaires \u00e0 une s\u00e9curisation optimale de vos b\u00e2timents et propri\u00e9t\u00e9s, qu\u2019ils soient professionnels ou priv\u00e9s. V\u00e9rifiez en direct, enregistrez et contr\u00f4lez votre syst\u00e8me de surveillance \u00e0 distance gr\u00e2ce aux derni\u00e8res technologies.<\/p><p><em>Une s\u00e9curit\u00e9 optimale assur\u00e9e par une combinaison de diff\u00e9rents syst\u00e8mes de s\u00e9curit\u00e9.<\/em><\/p><\/div>\n\t\t\t\t<\/div>\n\t\t\t\t<\/div>\n\t\t\t\t<div class=\"elementor-element elementor-element-6c7108a9 elementor-widget elementor-widget-ibutton\" data-id=\"6c7108a9\" data-element_type=\"widget\" data-widget_type=\"ibutton.default\">\n\t\t\t\t<div class=\"elementor-widget-container\">\n\t\t\t\t\t<div class=\"ot-button\">\r\n\t\t\t<a href=\"\/detection-exterieure\/\" class=\"octf-btn octf-btn-dark\">D\u00e9tection ext\u00e9rieure<\/a>\r\n\t    <\/div>\r\n\t    \t\t<\/div>\n\t\t\t\t<\/div>\n\t\t\t\t\t\t<\/div>\n\t\t\t\t\t<\/div>\n\t\t<\/div>\n\t\t\t\t\t\t\t\t<\/div>\n\t\t\t\t\t<\/div>\n\t\t<\/section>\n\t\t\t\t\t\t<\/div>\n\t\t\t\t\t\t<\/div>\n\t\t\t\t\t<\/div>\n\t\t","protected":false},"excerpt":{"rendered":"<p>[ Vid\u00e9o surveillance ] Un syst\u00e8me de vid\u00e9o-surveillance pour vos biens priv\u00e9s ou professionnels Gardez un \u0153il sur ce qui vous est cher gr\u00e2ce \u00e0 une vid\u00e9o-surveillance\u00a0install\u00e9e avec savoir-faire chez vous\u00a0! Nos techniciens qualifi\u00e9s et discrets mettent en place les cam\u00e9ras, enregistreurs, moniteurs, vid\u00e9ophonie, etc. n\u00e9cessaires \u00e0 une s\u00e9curisation optimale de vos b\u00e2timents et propri\u00e9t\u00e9s, [&hellip;]<\/p>\n","protected":false},"author":1,"featured_media":0,"parent":0,"menu_order":0,"comment_status":"closed","ping_status":"closed","template":"","meta":[],"yoast_head":"<!-- This site is optimized with the Yoast SEO plugin v15.8 - https:\/\/yoast.com\/wordpress\/plugins\/seo\/ -->\n<title>Vid\u00e9o surveillance | ADS S\u00e9curit\u00e9<\/title>\n<meta name=\"robots\" content=\"index, follow, max-snippet:-1, max-image-preview:large, max-video-preview:-1\" \/>\n<link rel=\"canonical\" href=\"https:\/\/ads2.inside-maquette.be\/?page_id=4695\" \/>\n<meta property=\"og:locale\" content=\"fr_FR\" \/>\n<meta property=\"og:type\" content=\"article\" \/>\n<meta property=\"og:title\" content=\"Vid\u00e9o surveillance | ADS S\u00e9curit\u00e9\" \/>\n<meta property=\"og:description\" content=\"[ Vid\u00e9o surveillance ] Un syst\u00e8me de vid\u00e9o-surveillance pour vos biens priv\u00e9s ou professionnels Gardez un \u0153il sur ce qui vous est cher gr\u00e2ce \u00e0 une vid\u00e9o-surveillance\u00a0install\u00e9e avec savoir-faire chez vous\u00a0! Nos techniciens qualifi\u00e9s et discrets mettent en place les cam\u00e9ras, enregistreurs, moniteurs, vid\u00e9ophonie, etc. n\u00e9cessaires \u00e0 une s\u00e9curisation optimale de vos b\u00e2timents et propri\u00e9t\u00e9s, [&hellip;]\" \/>\n<meta property=\"og:url\" content=\"https:\/\/ads2.inside-maquette.be\/?page_id=4695\" \/>\n<meta property=\"og:site_name\" content=\"ADS S\u00e9curit\u00e9\" \/>\n<meta property=\"article:modified_time\" content=\"2020-11-13T15:01:59+00:00\" \/>\n<meta property=\"og:image\" content=\"https:\/\/ads2.inside-maquette.be\/wp-content\/uploads\/2020\/11\/illustration_videosurveillance.png\" \/>\n<meta name=\"twitter:card\" content=\"summary_large_image\" \/>\n<meta name=\"twitter:label1\" content=\"Dur\u00e9e de lecture est.\">\n\t<meta name=\"twitter:data1\" content=\"1 minute\">\n<script type=\"application\/ld+json\" class=\"yoast-schema-graph\">{\"@context\":\"https:\/\/schema.org\",\"@graph\":[{\"@type\":\"Organization\",\"@id\":\"https:\/\/ads2.inside-maquette.be\/#organization\",\"name\":\"ADS S\\u00e9curit\\u00e9\",\"url\":\"https:\/\/ads2.inside-maquette.be\/\",\"sameAs\":[],\"logo\":{\"@type\":\"ImageObject\",\"@id\":\"https:\/\/ads2.inside-maquette.be\/#logo\",\"inLanguage\":\"fr-FR\",\"url\":\"https:\/\/ads2.inside-maquette.be\/wp-content\/uploads\/2020\/06\/ADSsecurite-logo_temp-BLACK.png\",\"width\":1698,\"height\":1057,\"caption\":\"ADS S\\u00e9curit\\u00e9\"},\"image\":{\"@id\":\"https:\/\/ads2.inside-maquette.be\/#logo\"}},{\"@type\":\"WebSite\",\"@id\":\"https:\/\/ads2.inside-maquette.be\/#website\",\"url\":\"https:\/\/ads2.inside-maquette.be\/\",\"name\":\"ADS S\\u00e9curit\\u00e9\",\"description\":\"Protection \\u00e9lectronique et m\\u00e9canique\",\"publisher\":{\"@id\":\"https:\/\/ads2.inside-maquette.be\/#organization\"},\"potentialAction\":[{\"@type\":\"SearchAction\",\"target\":\"https:\/\/ads2.inside-maquette.be\/?s={search_term_string}\",\"query-input\":\"required name=search_term_string\"}],\"inLanguage\":\"fr-FR\"},{\"@type\":\"ImageObject\",\"@id\":\"https:\/\/ads2.inside-maquette.be\/?page_id=4695#primaryimage\",\"inLanguage\":\"fr-FR\",\"url\":\"https:\/\/ads2.inside-maquette.be\/wp-content\/uploads\/2020\/11\/illustration_videosurveillance.png\",\"width\":623,\"height\":570},{\"@type\":\"WebPage\",\"@id\":\"https:\/\/ads2.inside-maquette.be\/?page_id=4695#webpage\",\"url\":\"https:\/\/ads2.inside-maquette.be\/?page_id=4695\",\"name\":\"Vid\\u00e9o surveillance | ADS S\\u00e9curit\\u00e9\",\"isPartOf\":{\"@id\":\"https:\/\/ads2.inside-maquette.be\/#website\"},\"primaryImageOfPage\":{\"@id\":\"https:\/\/ads2.inside-maquette.be\/?page_id=4695#primaryimage\"},\"datePublished\":\"2020-09-10T08:05:55+00:00\",\"dateModified\":\"2020-11-13T15:01:59+00:00\",\"breadcrumb\":{\"@id\":\"https:\/\/ads2.inside-maquette.be\/?page_id=4695#breadcrumb\"},\"inLanguage\":\"fr-FR\",\"potentialAction\":[{\"@type\":\"ReadAction\",\"target\":[\"https:\/\/ads2.inside-maquette.be\/?page_id=4695\"]}]},{\"@type\":\"BreadcrumbList\",\"@id\":\"https:\/\/ads2.inside-maquette.be\/?page_id=4695#breadcrumb\",\"itemListElement\":[{\"@type\":\"ListItem\",\"position\":1,\"item\":{\"@type\":\"WebPage\",\"@id\":\"https:\/\/ads2.inside-maquette.be\/\",\"url\":\"https:\/\/ads2.inside-maquette.be\/\",\"name\":\"Accueil\"}},{\"@type\":\"ListItem\",\"position\":2,\"item\":{\"@type\":\"WebPage\",\"@id\":\"https:\/\/ads2.inside-maquette.be\/?page_id=4695\",\"url\":\"https:\/\/ads2.inside-maquette.be\/?page_id=4695\",\"name\":\"Vid\\u00e9o surveillance\"}}]}]}<\/script>\n<!-- \/ Yoast SEO plugin. -->","_links":{"self":[{"href":"https:\/\/ads2.inside-maquette.be\/index.php?rest_route=\/wp\/v2\/pages\/4695"}],"collection":[{"href":"https:\/\/ads2.inside-maquette.be\/index.php?rest_route=\/wp\/v2\/pages"}],"about":[{"href":"https:\/\/ads2.inside-maquette.be\/index.php?rest_route=\/wp\/v2\/types\/page"}],"author":[{"embeddable":true,"href":"https:\/\/ads2.inside-maquette.be\/index.php?rest_route=\/wp\/v2\/users\/1"}],"replies":[{"embeddable":true,"href":"https:\/\/ads2.inside-maquette.be\/index.php?rest_route=%2Fwp%2Fv2%2Fcomments&post=4695"}],"version-history":[{"count":10,"href":"https:\/\/ads2.inside-maquette.be\/index.php?rest_route=\/wp\/v2\/pages\/4695\/revisions"}],"predecessor-version":[{"id":4880,"href":"https:\/\/ads2.inside-maquette.be\/index.php?rest_route=\/wp\/v2\/pages\/4695\/revisions\/4880"}],"wp:attachment":[{"href":"https:\/\/ads2.inside-maquette.be\/index.php?rest_route=%2Fwp%2Fv2%2Fmedia&parent=4695"}],"curies":[{"name":"wp","href":"https:\/\/api.w.org\/{rel}","templated":true}]}}